{"id":1172,"date":"2024-12-05T15:38:22","date_gmt":"2024-12-05T15:38:22","guid":{"rendered":"https:\/\/acompanhamais.cm-tavira.pt\/index.php\/outro\/reforcamos-o-trabalho-de-prevencao-e-de-resposta-em-situacoes-de-emergencia\/"},"modified":"2025-07-15T11:33:03","modified_gmt":"2025-07-15T10:33:03","slug":"reforcamos-o-trabalho-de-prevencao-e-de-resposta-em-situacoes-de-emergencia","status":"publish","type":"outro","link":"https:\/\/acompanhamais.cm-tavira.pt\/index.php\/outro\/reforcamos-o-trabalho-de-prevencao-e-de-resposta-em-situacoes-de-emergencia\/","title":{"rendered":"Refor\u00e7\u00e1mos o trabalho de preven\u00e7\u00e3o e de resposta em situa\u00e7\u00f5es de emerg\u00eancia"},"content":{"rendered":"","protected":false},"template":"","sub_categoria":[147],"freguesias":[27,30,29,28,31,32],"mandatos":[24],"class_list":["post-1172","outro","type-outro","status-publish","hentry","sub_categoria-municipio-assembleia-e-protecao-civil","freguesia-freguesia-de-cachopo","freguesia-freguesia-de-conceicao","freguesia-freguesia-de-luz-de-tavira","freguesia-freguesia-de-santa-catarina-fonte-do-bispo","freguesia-freguesia-de-santa-luzia","freguesia-freguesia-de-tavira-santa-maria-e-santiago","mandato-mandato-2021-2025"],"conteudo":{"value":"<ul>\r\n \t<li>Desenvolvemos, junto dos agrupamentos escolares, a\u00e7\u00f5es de sensibiliza\u00e7\u00e3o sobre riscos, medidas de autoprote\u00e7\u00e3o e quest\u00f5es de seguran\u00e7a, e promovemos a\u00e7\u00f5es semelhantes com os empreendimentos tur\u00edsticos para a preven\u00e7\u00e3o de afogamentos;<\/li>\r\n \t<li>Realiz\u00e1mos simulacros de evacua\u00e7\u00e3o com todos os alunos dos agrupamentos escolares, bem como exerc\u00edcios de evacua\u00e7\u00e3o na Biblioteca e em Unidades Hoteleiras do concelho;<\/li>\r\n \t<li>Instal\u00e1mos sensores de n\u00edvel de escoamento em diversos pontos da rede hidrogr\u00e1fica do concelho assim como sistemas de dete\u00e7\u00e3o de inunda\u00e7\u00f5es;<\/li>\r\n \t<li>Ampli\u00e1mos o n\u00famero de aldeias seguras, passando de <strong>4 em 2021<\/strong> para <strong>8 em 2023<\/strong>, com a realiza\u00e7\u00e3o de diversas a\u00e7\u00f5es de sensibiliza\u00e7\u00e3o sobre perigos, como o risco de inc\u00eandios, e a promo\u00e7\u00e3o de exerc\u00edcios para capacitar as comunidades com medidas de preven\u00e7\u00e3o e autoprote\u00e7\u00e3o;<\/li>\r\n \t<li>Firm\u00e1mos protocolos com o Ex\u00e9rcito Portugu\u00eas para garantir a vigil\u00e2ncia florestal, e com a Federa\u00e7\u00e3o de Ca\u00e7adores e Clubes de Ca\u00e7a para a cria\u00e7\u00e3o de 200 ha de mosaicos paisag\u00edsticos, contribuindo para a redu\u00e7\u00e3o dos efeitos de grandes inc\u00eandios rurais;<\/li>\r\n \t<li>Mobiliz\u00e1mos m\u00e1quinas de arrasto em situa\u00e7\u00f5es de risco para aumentar a \u00e1rea das faixas de conten\u00e7\u00e3o.<\/li>\r\n \t<li>Celebr\u00e1mos um protocolo de colabora\u00e7\u00e3o com a Associa\u00e7\u00e3o de Produtores Florestais da Serra do Caldeir\u00e3o que visa a\u00e7\u00f5es de preven\u00e7\u00e3o florestal, nomeadamente melhoria da rede de pontos de \u00e1gua para combate a inc\u00eandios.<\/li>\r\n \t<li>Nos \u00faltimos 3 anos, procedemos \u00e0 cria\u00e7\u00e3o de Faixas de Gest\u00e3o de Combust\u00edvel e Mosaicos de Gest\u00e3o de Combust\u00edvel, num total que ronda os 300 hectares, em locais estrat\u00e9gicos do concelho, criando descontinuidade da carga combust\u00edvel para arder, reduzindo o risco de progress\u00e3o dos inc\u00eandios rurais.<\/li>\r\n \t<li>Garantimos a exist\u00eancia e disponibilidade permanente de maquinaria pesada para apoio a opera\u00e7\u00f5es de prote\u00e7\u00e3o e socorro para dar resposta a ocorr\u00eancias no \u00e2mbito de cen\u00e1rios que comprometam a seguran\u00e7a de pessoas e bens.<\/li>\r\n \t<li>Promovemos campanhas de sensibiliza\u00e7\u00e3o junto dos \u00f3rg\u00e3os de comunica\u00e7\u00e3o locais e redes sociais do Munic\u00edpio no \u00e2mbito do programa Tavira + Segura, nomeadamente sobre quest\u00f5es de seguran\u00e7a relativamente a po\u00e7os sem cobertura, preven\u00e7\u00e3o de inc\u00eandios rurais, entre outros.<\/li>\r\n<\/ul>","rendered":"<ul>\n<li>Desenvolvemos, junto dos agrupamentos escolares, a\u00e7\u00f5es de sensibiliza\u00e7\u00e3o sobre riscos, medidas de autoprote\u00e7\u00e3o e quest\u00f5es de seguran\u00e7a, e promovemos a\u00e7\u00f5es semelhantes com os empreendimentos tur\u00edsticos para a preven\u00e7\u00e3o de afogamentos;<\/li>\n<li>Realiz\u00e1mos simulacros de evacua\u00e7\u00e3o com todos os alunos dos agrupamentos escolares, bem como exerc\u00edcios de evacua\u00e7\u00e3o na Biblioteca e em Unidades Hoteleiras do concelho;<\/li>\n<li>Instal\u00e1mos sensores de n\u00edvel de escoamento em diversos pontos da rede hidrogr\u00e1fica do concelho assim como sistemas de dete\u00e7\u00e3o de inunda\u00e7\u00f5es;<\/li>\n<li>Ampli\u00e1mos o n\u00famero de aldeias seguras, passando de <strong>4 em 2021<\/strong> para <strong>8 em 2023<\/strong>, com a realiza\u00e7\u00e3o de diversas a\u00e7\u00f5es de sensibiliza\u00e7\u00e3o sobre perigos, como o risco de inc\u00eandios, e a promo\u00e7\u00e3o de exerc\u00edcios para capacitar as comunidades com medidas de preven\u00e7\u00e3o e autoprote\u00e7\u00e3o;<\/li>\n<li>Firm\u00e1mos protocolos com o Ex\u00e9rcito Portugu\u00eas para garantir a vigil\u00e2ncia florestal, e com a Federa\u00e7\u00e3o de Ca\u00e7adores e Clubes de Ca\u00e7a para a cria\u00e7\u00e3o de 200 ha de mosaicos paisag\u00edsticos, contribuindo para a redu\u00e7\u00e3o dos efeitos de grandes inc\u00eandios rurais;<\/li>\n<li>Mobiliz\u00e1mos m\u00e1quinas de arrasto em situa\u00e7\u00f5es de risco para aumentar a \u00e1rea das faixas de conten\u00e7\u00e3o.<\/li>\n<li>Celebr\u00e1mos um protocolo de colabora\u00e7\u00e3o com a Associa\u00e7\u00e3o de Produtores Florestais da Serra do Caldeir\u00e3o que visa a\u00e7\u00f5es de preven\u00e7\u00e3o florestal, nomeadamente melhoria da rede de pontos de \u00e1gua para combate a inc\u00eandios.<\/li>\n<li>Nos \u00faltimos 3 anos, procedemos \u00e0 cria\u00e7\u00e3o de Faixas de Gest\u00e3o de Combust\u00edvel e Mosaicos de Gest\u00e3o de Combust\u00edvel, num total que ronda os 300 hectares, em locais estrat\u00e9gicos do concelho, criando descontinuidade da carga combust\u00edvel para arder, reduzindo o risco de progress\u00e3o dos inc\u00eandios rurais.<\/li>\n<li>Garantimos a exist\u00eancia e disponibilidade permanente de maquinaria pesada para apoio a opera\u00e7\u00f5es de prote\u00e7\u00e3o e socorro para dar resposta a ocorr\u00eancias no \u00e2mbito de cen\u00e1rios que comprometam a seguran\u00e7a de pessoas e bens.<\/li>\n<li>Promovemos campanhas de sensibiliza\u00e7\u00e3o junto dos \u00f3rg\u00e3os de comunica\u00e7\u00e3o locais e redes sociais do Munic\u00edpio no \u00e2mbito do programa Tavira + Segura, nomeadamente sobre quest\u00f5es de seguran\u00e7a relativamente a po\u00e7os sem cobertura, preven\u00e7\u00e3o de inc\u00eandios rurais, entre outros.<\/li>\n<\/ul>\n"},"imagem":{"value":false,"rendered":false},"ordem":{"value":"1","rendered":"1"},"_links":{"self":[{"href":"https:\/\/acompanhamais.cm-tavira.pt\/index.php\/wp-json\/wp\/v2\/outros\/1172","targetHints":{"allow":["GET"]}}],"collection":[{"href":"https:\/\/acompanhamais.cm-tavira.pt\/index.php\/wp-json\/wp\/v2\/outros"}],"about":[{"href":"https:\/\/acompanhamais.cm-tavira.pt\/index.php\/wp-json\/wp\/v2\/types\/outro"}],"wp:attachment":[{"href":"https:\/\/acompanhamais.cm-tavira.pt\/index.php\/wp-json\/wp\/v2\/media?parent=1172"}],"wp:term":[{"taxonomy":"sub_categoria","embeddable":true,"href":"https:\/\/acompanhamais.cm-tavira.pt\/index.php\/wp-json\/wp\/v2\/sub_categoria?post=1172"},{"taxonomy":"freguesia","embeddable":true,"href":"https:\/\/acompanhamais.cm-tavira.pt\/index.php\/wp-json\/wp\/v2\/freguesias?post=1172"},{"taxonomy":"mandato","embeddable":true,"href":"https:\/\/acompanhamais.cm-tavira.pt\/index.php\/wp-json\/wp\/v2\/mandatos?post=1172"}],"curies":[{"name":"wp","href":"https:\/\/api.w.org\/{rel}","templated":true}]}}

Reforçámos o trabalho de prevenção e de resposta em situações de emergência

<ul>
 	<li>Desenvolvemos, junto dos agrupamentos escolares, ações de sensibilização sobre riscos, medidas de autoproteção e questões de segurança, e promovemos ações semelhantes com os empreendimentos turísticos para a prevenção de afogamentos;</li>
 	<li>Realizámos simulacros de evacuação com todos os alunos dos agrupamentos escolares, bem como exercícios de evacuação na Biblioteca e em Unidades Hoteleiras do concelho;</li>
 	<li>Instalámos sensores de nível de escoamento em diversos pontos da rede hidrográfica do concelho assim como sistemas de deteção de inundações;</li>
 	<li>Ampliámos o número de aldeias seguras, passando de <strong>4 em 2021</strong> para <strong>8 em 2023</strong>, com a realização de diversas ações de sensibilização sobre perigos, como o risco de incêndios, e a promoção de exercícios para capacitar as comunidades com medidas de prevenção e autoproteção;</li>
 	<li>Firmámos protocolos com o Exército Português para garantir a vigilância florestal, e com a Federação de Caçadores e Clubes de Caça para a criação de 200 ha de mosaicos paisagísticos, contribuindo para a redução dos efeitos de grandes incêndios rurais;</li>
 	<li>Mobilizámos máquinas de arrasto em situações de risco para aumentar a área das faixas de contenção.</li>
 	<li>Celebrámos um protocolo de colaboração com a Associação de Produtores Florestais da Serra do Caldeirão que visa ações de prevenção florestal, nomeadamente melhoria da rede de pontos de água para combate a incêndios.</li>
 	<li>Nos últimos 3 anos, procedemos à criação de Faixas de Gestão de Combustível e Mosaicos de Gestão de Combustível, num total que ronda os 300 hectares, em locais estratégicos do concelho, criando descontinuidade da carga combustível para arder, reduzindo o risco de progressão dos incêndios rurais.</li>
 	<li>Garantimos a existência e disponibilidade permanente de maquinaria pesada para apoio a operações de proteção e socorro para dar resposta a ocorrências no âmbito de cenários que comprometam a segurança de pessoas e bens.</li>
 	<li>Promovemos campanhas de sensibilização junto dos órgãos de comunicação locais e redes sociais do Município no âmbito do programa Tavira + Segura, nomeadamente sobre questões de segurança relativamente a poços sem cobertura, prevenção de incêndios rurais, entre outros.</li>
</ul>

<ul>
<li>Desenvolvemos, junto dos agrupamentos escolares, ações de sensibilização sobre riscos, medidas de autoproteção e questões de segurança, e promovemos ações semelhantes com os empreendimentos turísticos para a prevenção de afogamentos;</li>
<li>Realizámos simulacros de evacuação com todos os alunos dos agrupamentos escolares, bem como exercícios de evacuação na Biblioteca e em Unidades Hoteleiras do concelho;</li>
<li>Instalámos sensores de nível de escoamento em diversos pontos da rede hidrográfica do concelho assim como sistemas de deteção de inundações;</li>
<li>Ampliámos o número de aldeias seguras, passando de <strong>4 em 2021</strong> para <strong>8 em 2023</strong>, com a realização de diversas ações de sensibilização sobre perigos, como o risco de incêndios, e a promoção de exercícios para capacitar as comunidades com medidas de prevenção e autoproteção;</li>
<li>Firmámos protocolos com o Exército Português para garantir a vigilância florestal, e com a Federação de Caçadores e Clubes de Caça para a criação de 200 ha de mosaicos paisagísticos, contribuindo para a redução dos efeitos de grandes incêndios rurais;</li>
<li>Mobilizámos máquinas de arrasto em situações de risco para aumentar a área das faixas de contenção.</li>
<li>Celebrámos um protocolo de colaboração com a Associação de Produtores Florestais da Serra do Caldeirão que visa ações de prevenção florestal, nomeadamente melhoria da rede de pontos de água para combate a incêndios.</li>
<li>Nos últimos 3 anos, procedemos à criação de Faixas de Gestão de Combustível e Mosaicos de Gestão de Combustível, num total que ronda os 300 hectares, em locais estratégicos do concelho, criando descontinuidade da carga combustível para arder, reduzindo o risco de progressão dos incêndios rurais.</li>
<li>Garantimos a existência e disponibilidade permanente de maquinaria pesada para apoio a operações de proteção e socorro para dar resposta a ocorrências no âmbito de cenários que comprometam a segurança de pessoas e bens.</li>
<li>Promovemos campanhas de sensibilização junto dos órgãos de comunicação locais e redes sociais do Município no âmbito do programa Tavira + Segura, nomeadamente sobre questões de segurança relativamente a poços sem cobertura, prevenção de incêndios rurais, entre outros.</li>
</ul>
