{"id":1175,"date":"2024-12-05T15:38:23","date_gmt":"2024-12-05T15:38:23","guid":{"rendered":"https:\/\/acompanhamais.cm-tavira.pt\/index.php\/outro\/valorizamos-o-nosso-patrimonio\/"},"modified":"2024-12-09T15:31:08","modified_gmt":"2024-12-09T15:31:08","slug":"valorizamos-o-nosso-patrimonio","status":"publish","type":"outro","link":"https:\/\/acompanhamais.cm-tavira.pt\/index.php\/outro\/valorizamos-o-nosso-patrimonio\/","title":{"rendered":"Apost\u00e1mos na valoriza\u00e7\u00e3o do nosso patrim\u00f3nio"},"content":{"rendered":"","protected":false},"template":"","sub_categoria":[139,150,65],"freguesias":[30,29,32],"mandatos":[24],"class_list":["post-1175","outro","type-outro","status-publish","hentry","sub_categoria-cultura","sub_categoria-um-municipio-que-valoriza-a-sua-identidade-cultural-2","sub_categoria-um-municipio-que-valoriza-a-sua-identidade-cultural","freguesia-freguesia-de-conceicao","freguesia-freguesia-de-luz-de-tavira","freguesia-freguesia-de-tavira-santa-maria-e-santiago","mandato-mandato-2021-2025"],"conteudo":{"value":"<ul>\r\n \t<li>Dinamiza\u00e7\u00e3o de iniciativas culturais, tais como \"<a href=\"https:\/\/cm-tavira.pt\/site\/noticia\/passeios-na-historia-de-tavira-convento-da-graca-arqueologia-e-historia\/\">Passeios na Hist\u00f3ria de Tavira<\/a>\" tendo sido realizadas cerca de 350 iniciativas, entre 2021 e 2024, com a participa\u00e7\u00e3o de, aproximadamente, 4.700 pessoas. Foram ainda realizadas oficinas nas escolas do mun\u00edcipio.<\/li>\r\n<\/ul>","rendered":"<ul>\n<li>Dinamiza\u00e7\u00e3o de iniciativas culturais, tais como &#8220;<a href=\"https:\/\/cm-tavira.pt\/site\/noticia\/passeios-na-historia-de-tavira-convento-da-graca-arqueologia-e-historia\/\">Passeios na Hist\u00f3ria de Tavira<\/a>&#8221; tendo sido realizadas cerca de 350 iniciativas, entre 2021 e 2024, com a participa\u00e7\u00e3o de, aproximadamente, 4.700 pessoas. Foram ainda realizadas oficinas nas escolas do mun\u00edcipio.<\/li>\n<\/ul>\n"},"imagem":{"value":false,"rendered":false},"ordem":{"value":[],"rendered":""},"_links":{"self":[{"href":"https:\/\/acompanhamais.cm-tavira.pt\/index.php\/wp-json\/wp\/v2\/outros\/1175","targetHints":{"allow":["GET"]}}],"collection":[{"href":"https:\/\/acompanhamais.cm-tavira.pt\/index.php\/wp-json\/wp\/v2\/outros"}],"about":[{"href":"https:\/\/acompanhamais.cm-tavira.pt\/index.php\/wp-json\/wp\/v2\/types\/outro"}],"wp:attachment":[{"href":"https:\/\/acompanhamais.cm-tavira.pt\/index.php\/wp-json\/wp\/v2\/media?parent=1175"}],"wp:term":[{"taxonomy":"sub_categoria","embeddable":true,"href":"https:\/\/acompanhamais.cm-tavira.pt\/index.php\/wp-json\/wp\/v2\/sub_categoria?post=1175"},{"taxonomy":"freguesia","embeddable":true,"href":"https:\/\/acompanhamais.cm-tavira.pt\/index.php\/wp-json\/wp\/v2\/freguesias?post=1175"},{"taxonomy":"mandato","embeddable":true,"href":"https:\/\/acompanhamais.cm-tavira.pt\/index.php\/wp-json\/wp\/v2\/mandatos?post=1175"}],"curies":[{"name":"wp","href":"https:\/\/api.w.org\/{rel}","templated":true}]}}

Apostámos na valorização do nosso património

<ul>
 	<li>Dinamização de iniciativas culturais, tais como "<a href="https://cm-tavira.pt/site/noticia/passeios-na-historia-de-tavira-convento-da-graca-arqueologia-e-historia/">Passeios na História de Tavira</a>" tendo sido realizadas cerca de 350 iniciativas, entre 2021 e 2024, com a participação de, aproximadamente, 4.700 pessoas. Foram ainda realizadas oficinas nas escolas do munícipio.</li>
</ul>

<ul>
<li>Dinamização de iniciativas culturais, tais como &#8220;<a href="https://cm-tavira.pt/site/noticia/passeios-na-historia-de-tavira-convento-da-graca-arqueologia-e-historia/">Passeios na História de Tavira</a>&#8221; tendo sido realizadas cerca de 350 iniciativas, entre 2021 e 2024, com a participação de, aproximadamente, 4.700 pessoas. Foram ainda realizadas oficinas nas escolas do munícipio.</li>
</ul>
