{"id":1097,"date":"2024-12-05T15:37:59","date_gmt":"2024-12-05T15:37:59","guid":{"rendered":"https:\/\/acompanhamais.cm-tavira.pt\/index.php\/projeto\/27-assumir-e-concretizar-as-competencias-em-materia-de-educacao-no-2-o-e-3-o-ciclos-e-no-ensino-secundario-em-dialogo-com-os-agrupamentos-de-escolas-por-forma-a-criar-condicoes-para-um-maior-e-melh\/"},"modified":"2025-07-14T14:12:15","modified_gmt":"2025-07-14T13:12:15","slug":"27-assumir-e-concretizar-as-competencias-em-materia-de-educacao-no-2-o-e-3-o-ciclos-e-no-ensino-secundario-em-dialogo-com-os-agrupamentos-de-escolas-por-forma-a-criar-condicoes-para-um-maior-e-melh","status":"publish","type":"projeto","link":"https:\/\/acompanhamais.cm-tavira.pt\/index.php\/projeto\/27-assumir-e-concretizar-as-competencias-em-materia-de-educacao-no-2-o-e-3-o-ciclos-e-no-ensino-secundario-em-dialogo-com-os-agrupamentos-de-escolas-por-forma-a-criar-condicoes-para-um-maior-e-melh\/","title":{"rendered":"27. Assumir e concretizar as compet\u00eancias em mat\u00e9ria de educa\u00e7\u00e3o no 2.\u00ba e 3.\u00ba ciclos e no ensino secund\u00e1rio, em di\u00e1logo com os agrupamentos de escolas, por forma a criar condi\u00e7\u00f5es para um maior e melhor sucesso educativo dos nossos alunos"},"content":{"rendered":"","protected":false},"template":"","tags":[],"sub_categoria":[134],"fase_do_projeto":[8],"freguesias":[30,29,28,31,32],"mandatos":[24],"class_list":["post-1097","projeto","type-projeto","status-publish","hentry","sub_categoria-educacao-e-formacao","fase_do_projeto-executado","freguesia-freguesia-de-conceicao","freguesia-freguesia-de-luz-de-tavira","freguesia-freguesia-de-santa-catarina-fonte-do-bispo","freguesia-freguesia-de-santa-luzia","freguesia-freguesia-de-tavira-santa-maria-e-santiago","mandato-mandato-2021-2025"],"conteudo":{"value":"Cumprimos!\r\nEncontra-se em vigor um protocolo de delega\u00e7\u00e3o de compet\u00eancias entre o munic\u00edpio e os agrupamentos de escolas, com os seguintes valores:\r\n\r\n<strong>Protocolo com o Agrupamento de Escolas D. Manuel I:<\/strong>\r\n\r\n2022: 91.310,25 euros;\r\n2023 e 2024: 120.968,00 euros\/ano.\r\n\r\n<strong>Protocolo com o Agrupamento de Escolas Dr. Jorge Augusto Correia:<\/strong>\r\n\r\n2022: 139.844,25 euros;\r\n2023 e 2024: 185.680,00 euros\/ano.\r\n\r\nMantemos um acompanhamento cont\u00ednuo das necessidades dos agrupamentos de escolas do concelho. Em 2025, continuamos empenhados em melhorar a execu\u00e7\u00e3o das compet\u00eancias que nos foram atribu\u00eddas.","rendered":"<p>Cumprimos!<br \/>\nEncontra-se em vigor um protocolo de delega\u00e7\u00e3o de compet\u00eancias entre o munic\u00edpio e os agrupamentos de escolas, com os seguintes valores:<\/p>\n<p><strong>Protocolo com o Agrupamento de Escolas D. Manuel I:<\/strong><\/p>\n<p>2022: 91.310,25 euros;<br \/>\n2023 e 2024: 120.968,00 euros\/ano.<\/p>\n<p><strong>Protocolo com o Agrupamento de Escolas Dr. Jorge Augusto Correia:<\/strong><\/p>\n<p>2022: 139.844,25 euros;<br \/>\n2023 e 2024: 185.680,00 euros\/ano.<\/p>\n<p>Mantemos um acompanhamento cont\u00ednuo das necessidades dos agrupamentos de escolas do concelho. Em 2025, continuamos empenhados em melhorar a execu\u00e7\u00e3o das compet\u00eancias que nos foram atribu\u00eddas.<\/p>\n"},"imagem":{"value":false,"rendered":false},"ordem":{"value":"1","rendered":"1"},"_links":{"self":[{"href":"https:\/\/acompanhamais.cm-tavira.pt\/index.php\/wp-json\/wp\/v2\/projetos\/1097","targetHints":{"allow":["GET"]}}],"collection":[{"href":"https:\/\/acompanhamais.cm-tavira.pt\/index.php\/wp-json\/wp\/v2\/projetos"}],"about":[{"href":"https:\/\/acompanhamais.cm-tavira.pt\/index.php\/wp-json\/wp\/v2\/types\/projeto"}],"wp:attachment":[{"href":"https:\/\/acompanhamais.cm-tavira.pt\/index.php\/wp-json\/wp\/v2\/media?parent=1097"}],"wp:term":[{"taxonomy":"post_tag","embeddable":true,"href":"https:\/\/acompanhamais.cm-tavira.pt\/index.php\/wp-json\/wp\/v2\/tags?post=1097"},{"taxonomy":"sub_categoria","embeddable":true,"href":"https:\/\/acompanhamais.cm-tavira.pt\/index.php\/wp-json\/wp\/v2\/sub_categoria?post=1097"},{"taxonomy":"fase_do_projeto","embeddable":true,"href":"https:\/\/acompanhamais.cm-tavira.pt\/index.php\/wp-json\/wp\/v2\/fase_do_projeto?post=1097"},{"taxonomy":"freguesia","embeddable":true,"href":"https:\/\/acompanhamais.cm-tavira.pt\/index.php\/wp-json\/wp\/v2\/freguesias?post=1097"},{"taxonomy":"mandato","embeddable":true,"href":"https:\/\/acompanhamais.cm-tavira.pt\/index.php\/wp-json\/wp\/v2\/mandatos?post=1097"}],"curies":[{"name":"wp","href":"https:\/\/api.w.org\/{rel}","templated":true}]}}

27. Assumir e concretizar as competências em matéria de educação no 2.º e 3.º ciclos e no ensino secundário, em diálogo com os agrupamentos de escolas, por forma a criar condições para um maior e melhor sucesso educativo dos nossos alunos

Cumprimos!
Encontra-se em vigor um protocolo de delegação de competências entre o município e os agrupamentos de escolas, com os seguintes valores:

<strong>Protocolo com o Agrupamento de Escolas D. Manuel I:</strong>

2022: 91.310,25 euros;
2023 e 2024: 120.968,00 euros/ano.

<strong>Protocolo com o Agrupamento de Escolas Dr. Jorge Augusto Correia:</strong>

2022: 139.844,25 euros;
2023 e 2024: 185.680,00 euros/ano.

Mantemos um acompanhamento contínuo das necessidades dos agrupamentos de escolas do concelho. Em 2025, continuamos empenhados em melhorar a execução das competências que nos foram atribuídas.

<p>Cumprimos!<br />
Encontra-se em vigor um protocolo de delegação de competências entre o município e os agrupamentos de escolas, com os seguintes valores:</p>
<p><strong>Protocolo com o Agrupamento de Escolas D. Manuel I:</strong></p>
<p>2022: 91.310,25 euros;<br />
2023 e 2024: 120.968,00 euros/ano.</p>
<p><strong>Protocolo com o Agrupamento de Escolas Dr. Jorge Augusto Correia:</strong></p>
<p>2022: 139.844,25 euros;<br />
2023 e 2024: 185.680,00 euros/ano.</p>
<p>Mantemos um acompanhamento contínuo das necessidades dos agrupamentos de escolas do concelho. Em 2025, continuamos empenhados em melhorar a execução das competências que nos foram atribuídas.</p>
