{"id":1098,"date":"2024-12-05T15:37:59","date_gmt":"2024-12-05T15:37:59","guid":{"rendered":"https:\/\/acompanhamais.cm-tavira.pt\/index.php\/projeto\/28-pugnar-junto-das-entidades-competentes-para-a-criacao-de-um-polo-de-ensino-e-ou-formacao-profissional-que-va-de-encontro-as-necessidades-de-recursos-humanos-locais-promovendo-novas-areas-de-forma\/"},"modified":"2025-08-22T10:26:43","modified_gmt":"2025-08-22T09:26:43","slug":"28-pugnar-junto-das-entidades-competentes-para-a-criacao-de-um-polo-de-ensino-e-ou-formacao-profissional-que-va-de-encontro-as-necessidades-de-recursos-humanos-locais-promovendo-novas-areas-de-forma","status":"publish","type":"projeto","link":"https:\/\/acompanhamais.cm-tavira.pt\/index.php\/projeto\/28-pugnar-junto-das-entidades-competentes-para-a-criacao-de-um-polo-de-ensino-e-ou-formacao-profissional-que-va-de-encontro-as-necessidades-de-recursos-humanos-locais-promovendo-novas-areas-de-forma\/","title":{"rendered":"28. Pugnar junto das entidades competentes para a cria\u00e7\u00e3o de um polo de ensino e ou forma\u00e7\u00e3o profissional que v\u00e1 de encontro \u00e0s necessidades de recursos humanos locais, promovendo novas \u00e1reas de forma\u00e7\u00e3o t\u00e9cnica e consequentemente novas oportunidades profissionais aos jovens do nosso concelho"},"content":{"rendered":"","protected":false},"template":"","tags":[],"sub_categoria":[134],"fase_do_projeto":[8],"freguesias":[30,29,32],"mandatos":[24],"class_list":["post-1098","projeto","type-projeto","status-publish","hentry","sub_categoria-educacao-e-formacao","fase_do_projeto-executado","freguesia-freguesia-de-conceicao","freguesia-freguesia-de-luz-de-tavira","freguesia-freguesia-de-tavira-santa-maria-e-santiago","mandato-mandato-2021-2025"],"conteudo":{"value":"Embora o Polo de Ensino ainda n\u00e3o tenha sido criado, foram introduzidos novos cursos de forma\u00e7\u00e3o profissional, como o curso de Prote\u00e7\u00e3o Civil, atualmente lecionado na Escola Secund\u00e1ria de Tavira. Neste \u00e2mbito, o Munic\u00edpio de Tavira acolhe os estagi\u00e1rios no Servi\u00e7o Municipal de Prote\u00e7\u00e3o Civil, na Divis\u00e3o do Ambiente e no Gabinete de Bombeiros Municipais.\r\n\r\nAdicionalmente, foi submetida uma candidatura para a cria\u00e7\u00e3o de um Centro Tecnol\u00f3gico Especializado na Escola Secund\u00e1ria. Continuamos empenhados em trabalhar para que este compromisso se torne uma realidade.\r\n\r\nContinuamos a acompanhar at\u00e9 \u00e0 concretiza\u00e7\u00e3o do que temos vindo a alertar junto das entidades competentes.","rendered":"<p>Embora o Polo de Ensino ainda n\u00e3o tenha sido criado, foram introduzidos novos cursos de forma\u00e7\u00e3o profissional, como o curso de Prote\u00e7\u00e3o Civil, atualmente lecionado na Escola Secund\u00e1ria de Tavira. Neste \u00e2mbito, o Munic\u00edpio de Tavira acolhe os estagi\u00e1rios no Servi\u00e7o Municipal de Prote\u00e7\u00e3o Civil, na Divis\u00e3o do Ambiente e no Gabinete de Bombeiros Municipais.<\/p>\n<p>Adicionalmente, foi submetida uma candidatura para a cria\u00e7\u00e3o de um Centro Tecnol\u00f3gico Especializado na Escola Secund\u00e1ria. Continuamos empenhados em trabalhar para que este compromisso se torne uma realidade.<\/p>\n<p>Continuamos a acompanhar at\u00e9 \u00e0 concretiza\u00e7\u00e3o do que temos vindo a alertar junto das entidades competentes.<\/p>\n"},"imagem":{"value":false,"rendered":false},"ordem":{"value":"1","rendered":"1"},"_links":{"self":[{"href":"https:\/\/acompanhamais.cm-tavira.pt\/index.php\/wp-json\/wp\/v2\/projetos\/1098","targetHints":{"allow":["GET"]}}],"collection":[{"href":"https:\/\/acompanhamais.cm-tavira.pt\/index.php\/wp-json\/wp\/v2\/projetos"}],"about":[{"href":"https:\/\/acompanhamais.cm-tavira.pt\/index.php\/wp-json\/wp\/v2\/types\/projeto"}],"wp:attachment":[{"href":"https:\/\/acompanhamais.cm-tavira.pt\/index.php\/wp-json\/wp\/v2\/media?parent=1098"}],"wp:term":[{"taxonomy":"post_tag","embeddable":true,"href":"https:\/\/acompanhamais.cm-tavira.pt\/index.php\/wp-json\/wp\/v2\/tags?post=1098"},{"taxonomy":"sub_categoria","embeddable":true,"href":"https:\/\/acompanhamais.cm-tavira.pt\/index.php\/wp-json\/wp\/v2\/sub_categoria?post=1098"},{"taxonomy":"fase_do_projeto","embeddable":true,"href":"https:\/\/acompanhamais.cm-tavira.pt\/index.php\/wp-json\/wp\/v2\/fase_do_projeto?post=1098"},{"taxonomy":"freguesia","embeddable":true,"href":"https:\/\/acompanhamais.cm-tavira.pt\/index.php\/wp-json\/wp\/v2\/freguesias?post=1098"},{"taxonomy":"mandato","embeddable":true,"href":"https:\/\/acompanhamais.cm-tavira.pt\/index.php\/wp-json\/wp\/v2\/mandatos?post=1098"}],"curies":[{"name":"wp","href":"https:\/\/api.w.org\/{rel}","templated":true}]}}

28. Pugnar junto das entidades competentes para a criação de um polo de ensino e ou formação profissional que vá de encontro às necessidades de recursos humanos locais, promovendo novas áreas de formação técnica e consequentemente novas oportunidades profissionais aos jovens do nosso concelho

Embora o Polo de Ensino ainda não tenha sido criado, foram introduzidos novos cursos de formação profissional, como o curso de Proteção Civil, atualmente lecionado na Escola Secundária de Tavira. Neste âmbito, o Município de Tavira acolhe os estagiários no Serviço Municipal de Proteção Civil, na Divisão do Ambiente e no Gabinete de Bombeiros Municipais.

Adicionalmente, foi submetida uma candidatura para a criação de um Centro Tecnológico Especializado na Escola Secundária. Continuamos empenhados em trabalhar para que este compromisso se torne uma realidade.

Continuamos a acompanhar até à concretização do que temos vindo a alertar junto das entidades competentes.

<p>Embora o Polo de Ensino ainda não tenha sido criado, foram introduzidos novos cursos de formação profissional, como o curso de Proteção Civil, atualmente lecionado na Escola Secundária de Tavira. Neste âmbito, o Município de Tavira acolhe os estagiários no Serviço Municipal de Proteção Civil, na Divisão do Ambiente e no Gabinete de Bombeiros Municipais.</p>
<p>Adicionalmente, foi submetida uma candidatura para a criação de um Centro Tecnológico Especializado na Escola Secundária. Continuamos empenhados em trabalhar para que este compromisso se torne uma realidade.</p>
<p>Continuamos a acompanhar até à concretização do que temos vindo a alertar junto das entidades competentes.</p>
