{"id":1115,"date":"2024-12-05T15:38:05","date_gmt":"2024-12-05T15:38:05","guid":{"rendered":"https:\/\/acompanhamais.cm-tavira.pt\/index.php\/projeto\/45-afirmar-a-feira-da-dieta-mediterranica-como-o-evento-de-excelencia-em-tavira-alargar-o-seu-ambito-e-diversificar-as-suas-tematicas-e-destinatarios\/"},"modified":"2024-12-10T15:25:41","modified_gmt":"2024-12-10T15:25:41","slug":"45-afirmar-a-feira-da-dieta-mediterranica-como-o-evento-de-excelencia-em-tavira-alargar-o-seu-ambito-e-diversificar-as-suas-tematicas-e-destinatarios","status":"publish","type":"projeto","link":"https:\/\/acompanhamais.cm-tavira.pt\/index.php\/projeto\/45-afirmar-a-feira-da-dieta-mediterranica-como-o-evento-de-excelencia-em-tavira-alargar-o-seu-ambito-e-diversificar-as-suas-tematicas-e-destinatarios\/","title":{"rendered":"45. Afirmar a \u201cFeira da Dieta Mediterr\u00e2nica\u201d como o evento de excel\u00eancia em Tavira. Alargar o seu \u00e2mbito e diversificar as suas tem\u00e1ticas e destinat\u00e1rios"},"content":{"rendered":"","protected":false},"template":"","tags":[],"sub_categoria":[138],"fase_do_projeto":[8],"freguesias":[27,30,29,28,31,32],"mandatos":[24],"class_list":["post-1115","projeto","type-projeto","status-publish","hentry","sub_categoria-dieta-mediterranica","fase_do_projeto-executado","freguesia-freguesia-de-cachopo","freguesia-freguesia-de-conceicao","freguesia-freguesia-de-luz-de-tavira","freguesia-freguesia-de-santa-catarina-fonte-do-bispo","freguesia-freguesia-de-santa-luzia","freguesia-freguesia-de-tavira-santa-maria-e-santiago","mandato-mandato-2021-2025"],"conteudo":{"value":"Cumprimos! Veja o nosso compromisso 44.\r\n\r\n<img class=\"alignnone wp-image-1212\" src=\"https:\/\/acompanhamais.cm-tavira.pt\/wp-content\/uploads\/2024\/12\/398_142-300x200.jpg\" alt=\"\" width=\"246\" height=\"164\" \/>","rendered":"<p>Cumprimos! Veja o nosso compromisso 44.<\/p>\n<p><img class=\"alignnone wp-image-1212\" src=\"https:\/\/acompanhamais.cm-tavira.pt\/wp-content\/uploads\/2024\/12\/398_142-300x200.jpg\" alt=\"\" width=\"246\" height=\"164\" \/><\/p>\n"},"imagem":{"value":false,"rendered":false},"ordem":{"value":[],"rendered":""},"_links":{"self":[{"href":"https:\/\/acompanhamais.cm-tavira.pt\/index.php\/wp-json\/wp\/v2\/projetos\/1115","targetHints":{"allow":["GET"]}}],"collection":[{"href":"https:\/\/acompanhamais.cm-tavira.pt\/index.php\/wp-json\/wp\/v2\/projetos"}],"about":[{"href":"https:\/\/acompanhamais.cm-tavira.pt\/index.php\/wp-json\/wp\/v2\/types\/projeto"}],"wp:attachment":[{"href":"https:\/\/acompanhamais.cm-tavira.pt\/index.php\/wp-json\/wp\/v2\/media?parent=1115"}],"wp:term":[{"taxonomy":"post_tag","embeddable":true,"href":"https:\/\/acompanhamais.cm-tavira.pt\/index.php\/wp-json\/wp\/v2\/tags?post=1115"},{"taxonomy":"sub_categoria","embeddable":true,"href":"https:\/\/acompanhamais.cm-tavira.pt\/index.php\/wp-json\/wp\/v2\/sub_categoria?post=1115"},{"taxonomy":"fase_do_projeto","embeddable":true,"href":"https:\/\/acompanhamais.cm-tavira.pt\/index.php\/wp-json\/wp\/v2\/fase_do_projeto?post=1115"},{"taxonomy":"freguesia","embeddable":true,"href":"https:\/\/acompanhamais.cm-tavira.pt\/index.php\/wp-json\/wp\/v2\/freguesias?post=1115"},{"taxonomy":"mandato","embeddable":true,"href":"https:\/\/acompanhamais.cm-tavira.pt\/index.php\/wp-json\/wp\/v2\/mandatos?post=1115"}],"curies":[{"name":"wp","href":"https:\/\/api.w.org\/{rel}","templated":true}]}}

45. Afirmar a “Feira da Dieta Mediterrânica” como o evento de excelência em Tavira. Alargar o seu âmbito e diversificar as suas temáticas e destinatários
