{"id":1119,"date":"2024-12-05T15:38:06","date_gmt":"2024-12-05T15:38:06","guid":{"rendered":"https:\/\/acompanhamais.cm-tavira.pt\/index.php\/projeto\/49-continuar-a-programacao-de-eventos-culturais-como-os-santos-populares-dia-da-cidade-verao-em-tavira-entre-outros-mas-apostar-tambem-numa-oferta-de-programacao-cultural-ao-longo-do-ano\/"},"modified":"2025-07-15T11:17:08","modified_gmt":"2025-07-15T10:17:08","slug":"49-continuar-a-programacao-de-eventos-culturais-como-os-santos-populares-dia-da-cidade-verao-em-tavira-entre-outros-mas-apostar-tambem-numa-oferta-de-programacao-cultural-ao-longo-do-ano","status":"publish","type":"projeto","link":"https:\/\/acompanhamais.cm-tavira.pt\/index.php\/projeto\/49-continuar-a-programacao-de-eventos-culturais-como-os-santos-populares-dia-da-cidade-verao-em-tavira-entre-outros-mas-apostar-tambem-numa-oferta-de-programacao-cultural-ao-longo-do-ano\/","title":{"rendered":"49. Continuar a programa\u00e7\u00e3o de eventos culturais como os Santos Populares, Dia da Cidade, Ver\u00e3o em Tavira (entre outros), mas apostar tamb\u00e9m numa oferta de programa\u00e7\u00e3o cultural ao longo do ano"},"content":{"rendered":"","protected":false},"template":"","tags":[],"sub_categoria":[139,150,65],"fase_do_projeto":[8],"freguesias":[27,30,29,28,31,32],"mandatos":[24],"class_list":["post-1119","projeto","type-projeto","status-publish","hentry","sub_categoria-cultura","sub_categoria-um-municipio-que-valoriza-a-sua-identidade-cultural-2","sub_categoria-um-municipio-que-valoriza-a-sua-identidade-cultural","fase_do_projeto-executado","freguesia-freguesia-de-cachopo","freguesia-freguesia-de-conceicao","freguesia-freguesia-de-luz-de-tavira","freguesia-freguesia-de-santa-catarina-fonte-do-bispo","freguesia-freguesia-de-santa-luzia","freguesia-freguesia-de-tavira-santa-maria-e-santiago","mandato-mandato-2021-2025"],"conteudo":{"value":"Cumprimos!\r\nO Munic\u00edpio oferece uma programa\u00e7\u00e3o cultural anual, articulada com os diversos equipamentos e agentes culturais, de forma integrada, contribuindo para o cumprimento dos objetivos estrat\u00e9gicos de desenvolvimento cultural do concelho.\r\n\r\nNeste sentido, d\u00e1 continuidade \u00e0 programa\u00e7\u00e3o c\u00edclica j\u00e1 existente, que inclui: Ano Novo \u2013 Reis e Charolas, Carnaval, Mostra da Primavera, Comemora\u00e7\u00f5es do 25 de Abril, Santos Populares, Dia da Cidade, Ver\u00e3o em Tavira, Feira da Dieta Mediterr\u00e2nica, Festa da Juventude, Feira de S\u00e3o Francisco, Natal e Passagem de Ano.\r\n\r\nEm 2024, o Viva a Primavera passa a ser denominado Programa Equin\u00f3cios, ampliando a programa\u00e7\u00e3o para abranger todo o ano. No \u00e2mbito do Programa Equin\u00f3cios foram apoiadas 27 entidades num total de apoio financeiro de 89.835\u20ac\r\n\r\nA reabertura do Cineteatro Ant\u00f3nio Pinheiro representa tamb\u00e9m uma oportunidade para avaliar e reestruturar n\u00e3o s\u00f3 a oferta cultural, mas tamb\u00e9m as restantes dimens\u00f5es da cadeia de valor cultural.\r\n\r\n&nbsp;","rendered":"<p>Cumprimos!<br \/>\nO Munic\u00edpio oferece uma programa\u00e7\u00e3o cultural anual, articulada com os diversos equipamentos e agentes culturais, de forma integrada, contribuindo para o cumprimento dos objetivos estrat\u00e9gicos de desenvolvimento cultural do concelho.<\/p>\n<p>Neste sentido, d\u00e1 continuidade \u00e0 programa\u00e7\u00e3o c\u00edclica j\u00e1 existente, que inclui: Ano Novo \u2013 Reis e Charolas, Carnaval, Mostra da Primavera, Comemora\u00e7\u00f5es do 25 de Abril, Santos Populares, Dia da Cidade, Ver\u00e3o em Tavira, Feira da Dieta Mediterr\u00e2nica, Festa da Juventude, Feira de S\u00e3o Francisco, Natal e Passagem de Ano.<\/p>\n<p>Em 2024, o Viva a Primavera passa a ser denominado Programa Equin\u00f3cios, ampliando a programa\u00e7\u00e3o para abranger todo o ano. No \u00e2mbito do Programa Equin\u00f3cios foram apoiadas 27 entidades num total de apoio financeiro de 89.835\u20ac<\/p>\n<p>A reabertura do Cineteatro Ant\u00f3nio Pinheiro representa tamb\u00e9m uma oportunidade para avaliar e reestruturar n\u00e3o s\u00f3 a oferta cultural, mas tamb\u00e9m as restantes dimens\u00f5es da cadeia de valor cultural.<\/p>\n<p>&nbsp;<\/p>\n"},"imagem":{"value":false,"rendered":false},"ordem":{"value":"1","rendered":"1"},"_links":{"self":[{"href":"https:\/\/acompanhamais.cm-tavira.pt\/index.php\/wp-json\/wp\/v2\/projetos\/1119","targetHints":{"allow":["GET"]}}],"collection":[{"href":"https:\/\/acompanhamais.cm-tavira.pt\/index.php\/wp-json\/wp\/v2\/projetos"}],"about":[{"href":"https:\/\/acompanhamais.cm-tavira.pt\/index.php\/wp-json\/wp\/v2\/types\/projeto"}],"wp:attachment":[{"href":"https:\/\/acompanhamais.cm-tavira.pt\/index.php\/wp-json\/wp\/v2\/media?parent=1119"}],"wp:term":[{"taxonomy":"post_tag","embeddable":true,"href":"https:\/\/acompanhamais.cm-tavira.pt\/index.php\/wp-json\/wp\/v2\/tags?post=1119"},{"taxonomy":"sub_categoria","embeddable":true,"href":"https:\/\/acompanhamais.cm-tavira.pt\/index.php\/wp-json\/wp\/v2\/sub_categoria?post=1119"},{"taxonomy":"fase_do_projeto","embeddable":true,"href":"https:\/\/acompanhamais.cm-tavira.pt\/index.php\/wp-json\/wp\/v2\/fase_do_projeto?post=1119"},{"taxonomy":"freguesia","embeddable":true,"href":"https:\/\/acompanhamais.cm-tavira.pt\/index.php\/wp-json\/wp\/v2\/freguesias?post=1119"},{"taxonomy":"mandato","embeddable":true,"href":"https:\/\/acompanhamais.cm-tavira.pt\/index.php\/wp-json\/wp\/v2\/mandatos?post=1119"}],"curies":[{"name":"wp","href":"https:\/\/api.w.org\/{rel}","templated":true}]}}

49. Continuar a programação de eventos culturais como os Santos Populares, Dia da Cidade, Verão em Tavira (entre outros), mas apostar também numa oferta de programação cultural ao longo do ano

Cumprimos!
O Município oferece uma programação cultural anual, articulada com os diversos equipamentos e agentes culturais, de forma integrada, contribuindo para o cumprimento dos objetivos estratégicos de desenvolvimento cultural do concelho.

Neste sentido, dá continuidade à programação cíclica já existente, que inclui: Ano Novo – Reis e Charolas, Carnaval, Mostra da Primavera, Comemorações do 25 de Abril, Santos Populares, Dia da Cidade, Verão em Tavira, Feira da Dieta Mediterrânica, Festa da Juventude, Feira de São Francisco, Natal e Passagem de Ano.

Em 2024, o Viva a Primavera passa a ser denominado Programa Equinócios, ampliando a programação para abranger todo o ano. No âmbito do Programa Equinócios foram apoiadas 27 entidades num total de apoio financeiro de 89.835€

A reabertura do Cineteatro António Pinheiro representa também uma oportunidade para avaliar e reestruturar não só a oferta cultural, mas também as restantes dimensões da cadeia de valor cultural.

&nbsp;

<p>Cumprimos!<br />
O Município oferece uma programação cultural anual, articulada com os diversos equipamentos e agentes culturais, de forma integrada, contribuindo para o cumprimento dos objetivos estratégicos de desenvolvimento cultural do concelho.</p>
<p>Neste sentido, dá continuidade à programação cíclica já existente, que inclui: Ano Novo – Reis e Charolas, Carnaval, Mostra da Primavera, Comemorações do 25 de Abril, Santos Populares, Dia da Cidade, Verão em Tavira, Feira da Dieta Mediterrânica, Festa da Juventude, Feira de São Francisco, Natal e Passagem de Ano.</p>
<p>Em 2024, o Viva a Primavera passa a ser denominado Programa Equinócios, ampliando a programação para abranger todo o ano. No âmbito do Programa Equinócios foram apoiadas 27 entidades num total de apoio financeiro de 89.835€</p>
<p>A reabertura do Cineteatro António Pinheiro representa também uma oportunidade para avaliar e reestruturar não só a oferta cultural, mas também as restantes dimensões da cadeia de valor cultural.</p>
<p>&nbsp;</p>
