{"id":1157,"date":"2024-12-05T15:38:17","date_gmt":"2024-12-05T15:38:17","guid":{"rendered":"https:\/\/acompanhamais.cm-tavira.pt\/index.php\/projeto\/87-desenvolver-a-estrategia-municipal-de-adaptacao-as-alteracoes-climaticas-e-promover-a-educacao-e-sensibilizacao-ambiental\/"},"modified":"2025-07-02T16:07:56","modified_gmt":"2025-07-02T15:07:56","slug":"87-desenvolver-a-estrategia-municipal-de-adaptacao-as-alteracoes-climaticas-e-promover-a-educacao-e-sensibilizacao-ambiental","status":"publish","type":"projeto","link":"https:\/\/acompanhamais.cm-tavira.pt\/index.php\/projeto\/87-desenvolver-a-estrategia-municipal-de-adaptacao-as-alteracoes-climaticas-e-promover-a-educacao-e-sensibilizacao-ambiental\/","title":{"rendered":"87. Desenvolver a Estrat\u00e9gia Municipal de Adapta\u00e7\u00e3o \u00e0s Altera\u00e7\u00f5es Clim\u00e1ticas e promover a educa\u00e7\u00e3o e sensibiliza\u00e7\u00e3o ambiental"},"content":{"rendered":"","protected":false},"template":"","tags":[],"sub_categoria":[146],"fase_do_projeto":[8],"freguesias":[27,30,29,28,31,32],"mandatos":[24],"class_list":["post-1157","projeto","type-projeto","status-publish","hentry","sub_categoria-ambiente-e-vida-saudavel","fase_do_projeto-executado","freguesia-freguesia-de-cachopo","freguesia-freguesia-de-conceicao","freguesia-freguesia-de-luz-de-tavira","freguesia-freguesia-de-santa-catarina-fonte-do-bispo","freguesia-freguesia-de-santa-luzia","freguesia-freguesia-de-tavira-santa-maria-e-santiago","mandato-mandato-2021-2025"],"conteudo":{"value":"Elabora\u00e7\u00e3o do Plano Municipal de A\u00e7\u00e3o Clim\u00e1tica (PMAC), no qual foi criado o projeto <a href=\"https:\/\/cm-tavira.pt\/site\/noticia\/municipio-de-tavira-vence-concurso-da-gulbenkian-e-quer-elaborar-plano-municipal-de-acao-climatica-com-a-ajuda-da-comunidade\/\">Tavira + Neutra<\/a>, financiado pela Funda\u00e7\u00e3o Calouste Gulbenkien,\r\nNo \u00e2mbito da educa\u00e7\u00e3o e sensibiliza\u00e7\u00e3o ambiental, o Munic\u00edpio apresenta anualmente uma oferta educativa \u00e0s escolas, abordando temas relacionados com o ambiente e a sustentabilidade,\r\nA par disto, outras a\u00e7\u00f5es destinadas \u00e0 comunidade em geral t\u00eam sido desenvolvidas.\r\nPara saber mais sobre essas iniciativas e projetos, consulte todos os detalhes <a href=\"https:\/\/cm-tavira.pt\/site\/ambiente\/\">aqui<\/a>.\r\n\r\n&nbsp;\r\n\r\nElabor\u00e1mos e aprov\u00e1mos o Plano Municipal de A\u00e7\u00e3o Clim\u00e1tica, sendo Tavira o 2\u00ba Munic\u00edpio do Algarve a ter este instrumento aprovado.\r\n\r\nCri\u00e1mos tamb\u00e9m um inovador Conselho Municipal de Cidadania e A\u00e7\u00e3o Clim\u00e1tica.","rendered":"<p>Elabora\u00e7\u00e3o do Plano Municipal de A\u00e7\u00e3o Clim\u00e1tica (PMAC), no qual foi criado o projeto <a href=\"https:\/\/cm-tavira.pt\/site\/noticia\/municipio-de-tavira-vence-concurso-da-gulbenkian-e-quer-elaborar-plano-municipal-de-acao-climatica-com-a-ajuda-da-comunidade\/\">Tavira + Neutra<\/a>, financiado pela Funda\u00e7\u00e3o Calouste Gulbenkien,<br \/>\nNo \u00e2mbito da educa\u00e7\u00e3o e sensibiliza\u00e7\u00e3o ambiental, o Munic\u00edpio apresenta anualmente uma oferta educativa \u00e0s escolas, abordando temas relacionados com o ambiente e a sustentabilidade,<br \/>\nA par disto, outras a\u00e7\u00f5es destinadas \u00e0 comunidade em geral t\u00eam sido desenvolvidas.<br \/>\nPara saber mais sobre essas iniciativas e projetos, consulte todos os detalhes <a href=\"https:\/\/cm-tavira.pt\/site\/ambiente\/\">aqui<\/a>.<\/p>\n<p>&nbsp;<\/p>\n<p>Elabor\u00e1mos e aprov\u00e1mos o Plano Municipal de A\u00e7\u00e3o Clim\u00e1tica, sendo Tavira o 2\u00ba Munic\u00edpio do Algarve a ter este instrumento aprovado.<\/p>\n<p>Cri\u00e1mos tamb\u00e9m um inovador Conselho Municipal de Cidadania e A\u00e7\u00e3o Clim\u00e1tica.<\/p>\n"},"imagem":{"value":false,"rendered":false},"ordem":{"value":"1","rendered":"1"},"_links":{"self":[{"href":"https:\/\/acompanhamais.cm-tavira.pt\/index.php\/wp-json\/wp\/v2\/projetos\/1157","targetHints":{"allow":["GET"]}}],"collection":[{"href":"https:\/\/acompanhamais.cm-tavira.pt\/index.php\/wp-json\/wp\/v2\/projetos"}],"about":[{"href":"https:\/\/acompanhamais.cm-tavira.pt\/index.php\/wp-json\/wp\/v2\/types\/projeto"}],"wp:attachment":[{"href":"https:\/\/acompanhamais.cm-tavira.pt\/index.php\/wp-json\/wp\/v2\/media?parent=1157"}],"wp:term":[{"taxonomy":"post_tag","embeddable":true,"href":"https:\/\/acompanhamais.cm-tavira.pt\/index.php\/wp-json\/wp\/v2\/tags?post=1157"},{"taxonomy":"sub_categoria","embeddable":true,"href":"https:\/\/acompanhamais.cm-tavira.pt\/index.php\/wp-json\/wp\/v2\/sub_categoria?post=1157"},{"taxonomy":"fase_do_projeto","embeddable":true,"href":"https:\/\/acompanhamais.cm-tavira.pt\/index.php\/wp-json\/wp\/v2\/fase_do_projeto?post=1157"},{"taxonomy":"freguesia","embeddable":true,"href":"https:\/\/acompanhamais.cm-tavira.pt\/index.php\/wp-json\/wp\/v2\/freguesias?post=1157"},{"taxonomy":"mandato","embeddable":true,"href":"https:\/\/acompanhamais.cm-tavira.pt\/index.php\/wp-json\/wp\/v2\/mandatos?post=1157"}],"curies":[{"name":"wp","href":"https:\/\/api.w.org\/{rel}","templated":true}]}}

87. Desenvolver a Estratégia Municipal de Adaptação às Alterações Climáticas e promover a educação e sensibilização ambiental

Elaboração do Plano Municipal de Ação Climática (PMAC), no qual foi criado o projeto <a href="https://cm-tavira.pt/site/noticia/municipio-de-tavira-vence-concurso-da-gulbenkian-e-quer-elaborar-plano-municipal-de-acao-climatica-com-a-ajuda-da-comunidade/">Tavira + Neutra</a>, financiado pela Fundação Calouste Gulbenkien,
No âmbito da educação e sensibilização ambiental, o Município apresenta anualmente uma oferta educativa às escolas, abordando temas relacionados com o ambiente e a sustentabilidade,
A par disto, outras ações destinadas à comunidade em geral têm sido desenvolvidas.
Para saber mais sobre essas iniciativas e projetos, consulte todos os detalhes <a href="https://cm-tavira.pt/site/ambiente/">aqui</a>.

&nbsp;

Elaborámos e aprovámos o Plano Municipal de Ação Climática, sendo Tavira o 2º Município do Algarve a ter este instrumento aprovado.

Criámos também um inovador Conselho Municipal de Cidadania e Ação Climática.

<p>Elaboração do Plano Municipal de Ação Climática (PMAC), no qual foi criado o projeto <a href="https://cm-tavira.pt/site/noticia/municipio-de-tavira-vence-concurso-da-gulbenkian-e-quer-elaborar-plano-municipal-de-acao-climatica-com-a-ajuda-da-comunidade/">Tavira + Neutra</a>, financiado pela Fundação Calouste Gulbenkien,<br />
No âmbito da educação e sensibilização ambiental, o Município apresenta anualmente uma oferta educativa às escolas, abordando temas relacionados com o ambiente e a sustentabilidade,<br />
A par disto, outras ações destinadas à comunidade em geral têm sido desenvolvidas.<br />
Para saber mais sobre essas iniciativas e projetos, consulte todos os detalhes <a href="https://cm-tavira.pt/site/ambiente/">aqui</a>.</p>
<p>&nbsp;</p>
<p>Elaborámos e aprovámos o Plano Municipal de Ação Climática, sendo Tavira o 2º Município do Algarve a ter este instrumento aprovado.</p>
<p>Criámos também um inovador Conselho Municipal de Cidadania e Ação Climática.</p>
