{"id":1158,"date":"2024-12-05T15:38:17","date_gmt":"2024-12-05T15:38:17","guid":{"rendered":"https:\/\/acompanhamais.cm-tavira.pt\/index.php\/projeto\/88-desenvolver-um-plano-verde-para-todo-o-territorio-do-municipio-com-o-objetivo-de-dotar-o-concelho-de-mais-zonas-verdes-com-mais-plantas-autoctones-incluindo-em-articulacao-com-o-icnf-a-reconstru\/"},"modified":"2025-07-02T11:31:15","modified_gmt":"2025-07-02T10:31:15","slug":"88-desenvolver-um-plano-verde-para-todo-o-territorio-do-municipio-com-o-objetivo-de-dotar-o-concelho-de-mais-zonas-verdes-com-mais-plantas-autoctones-incluindo-em-articulacao-com-o-icnf-a-reconstru","status":"publish","type":"projeto","link":"https:\/\/acompanhamais.cm-tavira.pt\/index.php\/projeto\/88-desenvolver-um-plano-verde-para-todo-o-territorio-do-municipio-com-o-objetivo-de-dotar-o-concelho-de-mais-zonas-verdes-com-mais-plantas-autoctones-incluindo-em-articulacao-com-o-icnf-a-reconstru\/","title":{"rendered":"88. Desenvolver um Plano Verde para todo o territ\u00f3rio do munic\u00edpio com o objetivo de dotar o concelho de mais zonas verdes com mais plantas aut\u00f3ctones incluindo, em articula\u00e7\u00e3o com o ICNF, a reconstru\u00e7\u00e3o e requalifica\u00e7\u00e3o da Mata da Concei\u00e7\u00e3o"},"content":{"rendered":"","protected":false},"template":"","tags":[],"sub_categoria":[146],"fase_do_projeto":[7],"freguesias":[27,30,29,28,31,32],"mandatos":[24],"class_list":["post-1158","projeto","type-projeto","status-publish","hentry","sub_categoria-ambiente-e-vida-saudavel","fase_do_projeto-em-execucao","freguesia-freguesia-de-cachopo","freguesia-freguesia-de-conceicao","freguesia-freguesia-de-luz-de-tavira","freguesia-freguesia-de-santa-catarina-fonte-do-bispo","freguesia-freguesia-de-santa-luzia","freguesia-freguesia-de-tavira-santa-maria-e-santiago","mandato-mandato-2021-2025"],"conteudo":{"value":"Estamos a implementar o Projeto Jardins Alimentares, um dos projetos vencedores do Or\u00e7amento Participativo.\r\nAprov\u00e1mos ainda o Plano de A\u00e7\u00e3o do Parque de Lazer da Mata da Concei\u00e7\u00e3o e estamos a execut\u00e1-lo. Atualmente 600 \u00e1rvores foram plantadas e est\u00e1 a ser assegurada a sua sobreviv\u00eancia, estando prevista a planta\u00e7\u00e3o das restantes 1500 no pr\u00f3ximo inverno.","rendered":"<p>Estamos a implementar o Projeto Jardins Alimentares, um dos projetos vencedores do Or\u00e7amento Participativo.<br \/>\nAprov\u00e1mos ainda o Plano de A\u00e7\u00e3o do Parque de Lazer da Mata da Concei\u00e7\u00e3o e estamos a execut\u00e1-lo. Atualmente 600 \u00e1rvores foram plantadas e est\u00e1 a ser assegurada a sua sobreviv\u00eancia, estando prevista a planta\u00e7\u00e3o das restantes 1500 no pr\u00f3ximo inverno.<\/p>\n"},"imagem":{"value":false,"rendered":false},"ordem":{"value":"1","rendered":"1"},"_links":{"self":[{"href":"https:\/\/acompanhamais.cm-tavira.pt\/index.php\/wp-json\/wp\/v2\/projetos\/1158","targetHints":{"allow":["GET"]}}],"collection":[{"href":"https:\/\/acompanhamais.cm-tavira.pt\/index.php\/wp-json\/wp\/v2\/projetos"}],"about":[{"href":"https:\/\/acompanhamais.cm-tavira.pt\/index.php\/wp-json\/wp\/v2\/types\/projeto"}],"wp:attachment":[{"href":"https:\/\/acompanhamais.cm-tavira.pt\/index.php\/wp-json\/wp\/v2\/media?parent=1158"}],"wp:term":[{"taxonomy":"post_tag","embeddable":true,"href":"https:\/\/acompanhamais.cm-tavira.pt\/index.php\/wp-json\/wp\/v2\/tags?post=1158"},{"taxonomy":"sub_categoria","embeddable":true,"href":"https:\/\/acompanhamais.cm-tavira.pt\/index.php\/wp-json\/wp\/v2\/sub_categoria?post=1158"},{"taxonomy":"fase_do_projeto","embeddable":true,"href":"https:\/\/acompanhamais.cm-tavira.pt\/index.php\/wp-json\/wp\/v2\/fase_do_projeto?post=1158"},{"taxonomy":"freguesia","embeddable":true,"href":"https:\/\/acompanhamais.cm-tavira.pt\/index.php\/wp-json\/wp\/v2\/freguesias?post=1158"},{"taxonomy":"mandato","embeddable":true,"href":"https:\/\/acompanhamais.cm-tavira.pt\/index.php\/wp-json\/wp\/v2\/mandatos?post=1158"}],"curies":[{"name":"wp","href":"https:\/\/api.w.org\/{rel}","templated":true}]}}

88. Desenvolver um Plano Verde para todo o território do município com o objetivo de dotar o concelho de mais zonas verdes com mais plantas autóctones incluindo, em articulação com o ICNF, a reconstrução e requalificação da Mata da Conceição

Estamos a implementar o Projeto Jardins Alimentares, um dos projetos vencedores do Orçamento Participativo.
Aprovámos ainda o Plano de Ação do Parque de Lazer da Mata da Conceição e estamos a executá-lo. Atualmente 600 árvores foram plantadas e está a ser assegurada a sua sobrevivência, estando prevista a plantação das restantes 1500 no próximo inverno.

<p>Estamos a implementar o Projeto Jardins Alimentares, um dos projetos vencedores do Orçamento Participativo.<br />
Aprovámos ainda o Plano de Ação do Parque de Lazer da Mata da Conceição e estamos a executá-lo. Atualmente 600 árvores foram plantadas e está a ser assegurada a sua sobrevivência, estando prevista a plantação das restantes 1500 no próximo inverno.</p>
