{"id":1392,"date":"2026-03-05T15:43:16","date_gmt":"2026-03-05T15:43:16","guid":{"rendered":"https:\/\/acompanhamais.cm-tavira.pt\/?post_type=projeto&#038;p=1392"},"modified":"2026-03-05T15:43:17","modified_gmt":"2026-03-05T15:43:17","slug":"aumentar-as-areas-verdes-do-concelho-e-areas-reflorestadas","status":"publish","type":"projeto","link":"https:\/\/acompanhamais.cm-tavira.pt\/index.php\/projeto\/aumentar-as-areas-verdes-do-concelho-e-areas-reflorestadas\/","title":{"rendered":"Aumentar as \u00e1reas verdes do concelho e \u00e1reas reflorestadas"},"content":{"rendered":"","protected":false},"template":"","tags":[],"sub_categoria":[182,186],"fase_do_projeto":[7],"freguesias":[165,27,30,29,28,31,163,32],"mandatos":[25],"class_list":["post-1392","projeto","type-projeto","status-publish","hentry","sub_categoria-crescer-com-acao-climatica","sub_categoria-natureza-territorio-e-comunidades-resilientes","fase_do_projeto-em-execucao","freguesia-freguesia-de-cabanas-de-tavira","freguesia-freguesia-de-cachopo","freguesia-freguesia-de-conceicao","freguesia-freguesia-de-luz-de-tavira","freguesia-freguesia-de-santa-catarina-fonte-do-bispo","freguesia-freguesia-de-santa-luzia","freguesia-freguesia-de-santo-estevao","freguesia-freguesia-de-tavira-santa-maria-e-santiago","mandato-mandato-2025-2029"],"conteudo":{"value":"<ul>\r\n \t<li>Executar a 3\u00aa fase do Parque Verde do S\u00e9qua com a cria\u00e7\u00e3o de um circuito de manuten\u00e7\u00e3o, parque geri\u00e1trico, espa\u00e7os infantis e juvenis, locais para a perman\u00eancia de animais de companhia (Parque da Fam\u00edlia) e a reabilita\u00e7\u00e3o e moderniza\u00e7\u00e3o da zona do Skate Park e Pump Track.<\/li>\r\n \t<li>Continuar a refloresta\u00e7\u00e3o do Parque de Lazer da Mata da Concei\u00e7\u00e3o.<\/li>\r\n \t<li>Continuar a desenvolver um Plano Verde para todo o territ\u00f3rio do munic\u00edpio com o objetivo de dotar o concelho de mais zonas verdes com mais plantas aut\u00f3ctones.<\/li>\r\n \t<li>Classificar o Cerro do Leiria como \u00e1rea protegida classificada e criar um percurso interpretativo.<\/li>\r\n \t<li>Implementar o projeto j\u00e1 iniciado para tornar mais verde e agrad\u00e1vel o Largo onde se situa o Bar da Atalaia, com um jardim aut\u00f3ctone e resiliente com espa\u00e7o naturalmente sombreado e campos de petanca, convidando os residentes a criar este projeto em conjunto com a autarquia.<\/li>\r\n \t<li>Concluir o projeto de reconvers\u00e3o dos espa\u00e7os verdes p\u00fablicos com arranjos paisag\u00edsticos adaptados \u00e0 redu\u00e7\u00e3o do consumo de \u00e1gua, designadamente com esp\u00e9cies aut\u00f3ctones.<\/li>\r\n \t<li>Continuar a implementar o programa Jardins Alimentares e ampliar as Hortas Urbanas, com vista a refor\u00e7ar a soberania alimentar e democratiza\u00e7\u00e3o dos espa\u00e7os p\u00fablicos.<\/li>\r\n \t<li>Continuar a promover a agricultura sustent\u00e1vel bem como instituir Tavira como uma Bio-Regi\u00e3o, criando uma parceria entre agricultores, cidad\u00e3os, operadores tur\u00edsticos, associa\u00e7\u00f5es e o poder local com vista \u00e0 gest\u00e3o sustent\u00e1vel dos recursos locais, dando centralidade \u00e0 produ\u00e7\u00e3o e consumo alimentar de base biol\u00f3gica e agro-ecol\u00f3gica.<\/li>\r\n<\/ul>","rendered":"<ul>\n<li>Executar a 3\u00aa fase do Parque Verde do S\u00e9qua com a cria\u00e7\u00e3o de um circuito de manuten\u00e7\u00e3o, parque geri\u00e1trico, espa\u00e7os infantis e juvenis, locais para a perman\u00eancia de animais de companhia (Parque da Fam\u00edlia) e a reabilita\u00e7\u00e3o e moderniza\u00e7\u00e3o da zona do Skate Park e Pump Track.<\/li>\n<li>Continuar a refloresta\u00e7\u00e3o do Parque de Lazer da Mata da Concei\u00e7\u00e3o.<\/li>\n<li>Continuar a desenvolver um Plano Verde para todo o territ\u00f3rio do munic\u00edpio com o objetivo de dotar o concelho de mais zonas verdes com mais plantas aut\u00f3ctones.<\/li>\n<li>Classificar o Cerro do Leiria como \u00e1rea protegida classificada e criar um percurso interpretativo.<\/li>\n<li>Implementar o projeto j\u00e1 iniciado para tornar mais verde e agrad\u00e1vel o Largo onde se situa o Bar da Atalaia, com um jardim aut\u00f3ctone e resiliente com espa\u00e7o naturalmente sombreado e campos de petanca, convidando os residentes a criar este projeto em conjunto com a autarquia.<\/li>\n<li>Concluir o projeto de reconvers\u00e3o dos espa\u00e7os verdes p\u00fablicos com arranjos paisag\u00edsticos adaptados \u00e0 redu\u00e7\u00e3o do consumo de \u00e1gua, designadamente com esp\u00e9cies aut\u00f3ctones.<\/li>\n<li>Continuar a implementar o programa Jardins Alimentares e ampliar as Hortas Urbanas, com vista a refor\u00e7ar a soberania alimentar e democratiza\u00e7\u00e3o dos espa\u00e7os p\u00fablicos.<\/li>\n<li>Continuar a promover a agricultura sustent\u00e1vel bem como instituir Tavira como uma Bio-Regi\u00e3o, criando uma parceria entre agricultores, cidad\u00e3os, operadores tur\u00edsticos, associa\u00e7\u00f5es e o poder local com vista \u00e0 gest\u00e3o sustent\u00e1vel dos recursos locais, dando centralidade \u00e0 produ\u00e7\u00e3o e consumo alimentar de base biol\u00f3gica e agro-ecol\u00f3gica.<\/li>\n<\/ul>\n"},"imagem":{"value":false,"rendered":false},"ordem":{"value":"1","rendered":"1"},"_links":{"self":[{"href":"https:\/\/acompanhamais.cm-tavira.pt\/index.php\/wp-json\/wp\/v2\/projetos\/1392","targetHints":{"allow":["GET"]}}],"collection":[{"href":"https:\/\/acompanhamais.cm-tavira.pt\/index.php\/wp-json\/wp\/v2\/projetos"}],"about":[{"href":"https:\/\/acompanhamais.cm-tavira.pt\/index.php\/wp-json\/wp\/v2\/types\/projeto"}],"wp:attachment":[{"href":"https:\/\/acompanhamais.cm-tavira.pt\/index.php\/wp-json\/wp\/v2\/media?parent=1392"}],"wp:term":[{"taxonomy":"post_tag","embeddable":true,"href":"https:\/\/acompanhamais.cm-tavira.pt\/index.php\/wp-json\/wp\/v2\/tags?post=1392"},{"taxonomy":"sub_categoria","embeddable":true,"href":"https:\/\/acompanhamais.cm-tavira.pt\/index.php\/wp-json\/wp\/v2\/sub_categoria?post=1392"},{"taxonomy":"fase_do_projeto","embeddable":true,"href":"https:\/\/acompanhamais.cm-tavira.pt\/index.php\/wp-json\/wp\/v2\/fase_do_projeto?post=1392"},{"taxonomy":"freguesia","embeddable":true,"href":"https:\/\/acompanhamais.cm-tavira.pt\/index.php\/wp-json\/wp\/v2\/freguesias?post=1392"},{"taxonomy":"mandato","embeddable":true,"href":"https:\/\/acompanhamais.cm-tavira.pt\/index.php\/wp-json\/wp\/v2\/mandatos?post=1392"}],"curies":[{"name":"wp","href":"https:\/\/api.w.org\/{rel}","templated":true}]}}

Aumentar as áreas verdes do concelho e áreas reflorestadas

<ul>
 	<li>Executar a 3ª fase do Parque Verde do Séqua com a criação de um circuito de manutenção, parque geriátrico, espaços infantis e juvenis, locais para a permanência de animais de companhia (Parque da Família) e a reabilitação e modernização da zona do Skate Park e Pump Track.</li>
 	<li>Continuar a reflorestação do Parque de Lazer da Mata da Conceição.</li>
 	<li>Continuar a desenvolver um Plano Verde para todo o território do município com o objetivo de dotar o concelho de mais zonas verdes com mais plantas autóctones.</li>
 	<li>Classificar o Cerro do Leiria como área protegida classificada e criar um percurso interpretativo.</li>
 	<li>Implementar o projeto já iniciado para tornar mais verde e agradável o Largo onde se situa o Bar da Atalaia, com um jardim autóctone e resiliente com espaço naturalmente sombreado e campos de petanca, convidando os residentes a criar este projeto em conjunto com a autarquia.</li>
 	<li>Concluir o projeto de reconversão dos espaços verdes públicos com arranjos paisagísticos adaptados à redução do consumo de água, designadamente com espécies autóctones.</li>
 	<li>Continuar a implementar o programa Jardins Alimentares e ampliar as Hortas Urbanas, com vista a reforçar a soberania alimentar e democratização dos espaços públicos.</li>
 	<li>Continuar a promover a agricultura sustentável bem como instituir Tavira como uma Bio-Região, criando uma parceria entre agricultores, cidadãos, operadores turísticos, associações e o poder local com vista à gestão sustentável dos recursos locais, dando centralidade à produção e consumo alimentar de base biológica e agro-ecológica.</li>
</ul>

<ul>
<li>Executar a 3ª fase do Parque Verde do Séqua com a criação de um circuito de manutenção, parque geriátrico, espaços infantis e juvenis, locais para a permanência de animais de companhia (Parque da Família) e a reabilitação e modernização da zona do Skate Park e Pump Track.</li>
<li>Continuar a reflorestação do Parque de Lazer da Mata da Conceição.</li>
<li>Continuar a desenvolver um Plano Verde para todo o território do município com o objetivo de dotar o concelho de mais zonas verdes com mais plantas autóctones.</li>
<li>Classificar o Cerro do Leiria como área protegida classificada e criar um percurso interpretativo.</li>
<li>Implementar o projeto já iniciado para tornar mais verde e agradável o Largo onde se situa o Bar da Atalaia, com um jardim autóctone e resiliente com espaço naturalmente sombreado e campos de petanca, convidando os residentes a criar este projeto em conjunto com a autarquia.</li>
<li>Concluir o projeto de reconversão dos espaços verdes públicos com arranjos paisagísticos adaptados à redução do consumo de água, designadamente com espécies autóctones.</li>
<li>Continuar a implementar o programa Jardins Alimentares e ampliar as Hortas Urbanas, com vista a reforçar a soberania alimentar e democratização dos espaços públicos.</li>
<li>Continuar a promover a agricultura sustentável bem como instituir Tavira como uma Bio-Região, criando uma parceria entre agricultores, cidadãos, operadores turísticos, associações e o poder local com vista à gestão sustentável dos recursos locais, dando centralidade à produção e consumo alimentar de base biológica e agro-ecológica.</li>
</ul>
